multiple of 176?
False
Is 58 a factor of 14848?
True
Is 71 a factor of 1917?
True
Is 30692 a multiple of 17?
False
Does 32 divide 546?
False
Does 61 divide 16044?
False
Is 92 a multiple of 2?
True
Is 28470 a multiple of 256?
False
Is 630 a multiple of 210?
True
Is 26 a factor of 151112?
True
Does 87 divide 1653?
True
Does 68 divide 37900?
False
Is 8 a factor of 25166?
False
Does 187 divide 23892?
False
Is 5022 a multiple of 31?
True
Is 64 a factor of 52480?
True
Is 13219 a multiple of 16?
False
Is 5 a factor of 85?
True
Does 85 divide 823?
False
Is 24 a factor of 3720?
True
Is 10 a factor of 128?
False
Is 73 a factor of 949?
True
Is 50 a factor of 1989?
False
Is 7 a factor of 49?
True
Does 46 divide 3369?
False
Does 29 divide 2552?
True
Is 2451 even?
False
Does 47 divide 329?
True
Is 4 a factor of 2099?
False
Is 66 a factor of 3960?
True
Is 2365 a multiple of 38?
False
Is 2300 a multiple of 10?
True
Is 4940 a multiple of 167?
False
Is 4 a factor of 82?
False
Is 761 a multiple of 56?
False
Is 317 a multiple of 75?
False
Does 39 divide 6474?
True
Is 1170 a multiple of 18?
True
Is 112 a factor of 12992?
True
Is 289 a multiple of 18?
False
Is 2301 a multiple of 7?
False
Is 216 a multiple of 6?
True
Is 662 a multiple of 48?
False
Is 2672 a multiple of 21?
False
Is 910 a multiple of 21?
False
Is 6500 a multiple of 13?
True
Is 56 a factor of 14788?
False
Is 3 a factor of 1973?
False
Does 19 divide 23?
False
Is 50 a factor of 490?
False
Is 10 a factor of 270?
True
Does 4 divide 158?
False
Is 58 a factor of 1213?
False
Is 220 a factor of 23889?
False
Is 5 a factor of 1513?
False
Is 12 a factor of 1272?
True
Does 13 divide 243?
False
Does 14 divide 6552?
True
Is 6705 a multiple of 15?
True
Is 2011 a multiple of 24?
False
Is 31 a factor of 5425?
True
Is 1539 a multiple of 19?
True
Is 16075 a multiple of 5?
True
Is 7 a factor of 329?
True
Does 10 divide 34875?
False
Does 12 divide 240?
True
Does 19 divide 39872?
False
Is 18 a factor of 55494?
True
Is 37 a factor of 2545?
False
Is 9 a factor of 33867?
True
Does 27 divide 189?
True
Is 41 a factor of 18122?
True
Does 121 divide 6050?
True
Is 44759 a multiple of 13?
True
Does 106 divide 11156?
False
Does 192 divide 18240?
True
Does 131 divide 10158?
False
Is 3174 a multiple of 69?
True
Is 25 a factor of 137?
False
Does 12 divide 300?
True
Is 164 a factor of 27060?
True
Is 337 a multiple of 7?
False
Is 75 a factor of 12365?
False
Does 13 divide 1262?
False
Is 175 a multiple of 19?
False
Does 49 divide 5961?
False
Does 38 divide 1254?
True
Is 12 a multiple of 2?
True
Does 47 divide 2256?
True
Is 12811 a multiple of 157?
False
Is 102 a factor of 1530?
True
Does 13 divide 227?
False
Does 39 divide 9789?
True
Does 115 divide 1643?
False
Does 19 divide 570?
True
Does 83 divide 2407?
True
Does 79 divide 74268?
False
Is 19 a factor of 1318?
False
Is 13 a factor of 50?
False
Does 4 divide 5972?
True
Is 30864 a multiple of 91?
False
Is 37 a factor of 327?
False
Is 155661 a multiple of 11?
True
Is 11508 a multiple of 21?
True
Does 76 divide 4028?
True
Does 12 divide 4692?
True
Does 48 divide 2137?
False
Is 10 a factor of 355?
False
Does 18 divide 1638?
True
Is 71 a factor of 1065?
True
Is 5 a factor of 250?
True
Does 30 divide 4950?
True
Does 12 divide 4800?
True
Is 6 a factor of 174?
True
Does 6 divide 10323?
False
Is 564 a multiple of 16?
False
Does 23 divide 7383?
True
Is 18 a factor of 177?
False
Is 50 a factor of 450?
True
Does 20 divide 9941?
False
Is 19 a factor of 111?
False
Is 5 a factor of 127?
False
Does 6 divide 324?
True
Is 159 a multiple of 23?
False
Is 6030 a multiple of 26?
False
Is 36 a factor of 432?
True
Is 35 a factor of 3085?
False
Does 12 divide 5823?
False
Is 560 a multiple of 14?
True
Does 10 divide 2820?
True
Does 11 divide 2651?
True
Is 8534 a multiple of 34?
True
Does 58 divide 3596?
True
Does 17 divide 1972?
True
Does 71 divide 1471?
False
Is 9846 a multiple of 238?
False
Is 5 a factor of 310?
True
Is 304 a factor of 53808?
True
Is 12736 a multiple of 16?
True
Is 760 a multiple of 29?
False
Is 2583 a multiple of 21?
True
Is 130 a factor of 260?
True
Is 48 a factor of 6768?
True
Is 1477 a multiple of 6?
False
Does 60 divide 23733?
False
Is 458 a multiple of 16?
False
Is 38 a factor of 45410?
True
Does 16 divide 9164?
False
Does 6 divide 6?
True
Is 15136 a multiple of 75?
False
Does 13 divide 17839?
False
Is 2665 a multiple of 5?
True
Is 869 a multiple of 11?
True
Is 150 a multiple of 75?
True
Does 15 divide 1590?
True
Is 21 a factor of 2743?
False
Does 18 divide 222?
False
Is 33 a factor of 11172?
False
Does 35 divide 7770?
True
Is 294 a multiple of 11?
False
Does 8 divide 2395?
False
Does 4 divide 80?
True
Does 14 divide 8854?
False
Is 103 a factor of 23896?
True
Does 6 divide 10063?
False
Is 69174 a multiple of 63?
True
Does 22 divide 15202?
True
Is 15 a factor of 2625?
True
Is 6 a factor of 55?
False
Does 19 divide 643?
False
Does 61 divide 854?
True
Is 27 a factor of 7668?
True
Is 36 a factor of 496?
False
Is 10 a factor of 1591?
False
Is 34 a factor of 476?
True
Is 31370 a multiple of 10?
True
Does 12 divide 2630?
False
Does 176 divide 27104?
True
Is 6422 a multiple of 169?
True
Does 36 divide 1836?
True
Is 6 a factor of 174?
True
Is 9348 even?
True
Is 1404 a multiple of 15?
False
Is 30 a factor of 23184?
False
Is 17045 a multiple of 27?
False
Is 293 a factor of 30812?
False
Does 11 divide 3679?
False
Does 105 divide 57120?
True
Is 7 a factor of 149?
False
Is 1694 a multiple of 68?
False
Is 4 a factor of 7698?
False
Is 39 a factor of 35685?
True
Is 86 a factor of 2167?
False
Is 9606 a multiple of 50?
False
Is 5568 a multiple of 87?
True
Is 434 a multiple of 62?
True
Does 10 divide 80?
True
Does 4 divide 518?
False
Does 28 divide 3276?
True
Is 14 a factor of 40880?
True
Does 175 divide 4590?
False
Is 2 a factor of 1810?
True
Is 100 a multiple of 10?
True
Is 81 a factor of 3594?
False
Is 74 a multiple of 37?
True
Is 2738 a multiple of 74?
True
Does 13 divide 523?
False
Is 973 a multiple of 36?
False
Does 38 divide 684?
True
Does 28 divide 1624?
True
Is 14 a factor of 938?
True
Is 4680 a multiple of 5?
True
Does 97 divide 5312?
False
Does 90 divide 566?
False
Does 41 divide 2293?
False
Does 23 divide 4843?
False
Is 34 a factor of 329?
False
Does 17 divide 544?
True
Is 308 a multiple of 11?
True
Does 16 divide 10561?
False
Is 13 a factor of 3471?
True
Does 7 divide 6664?
True
Does 12 divide 96?
True
Is 35 a factor of 42434?
False
Is 46 a factor of 412?
False
Is 125 a multiple of 5?
True
Is 3589 a multiple of 37?
True
Is 5040 a multiple of 24?
True
Is 83 a factor of 166?
True
Is 2 a factor of 495?
False
Is 1635 a multiple of 109?
True
Does 8 divide 216?
True
Does 9 divide 950?
False
Is 13 a factor of 474?
False
Is 39 a factor of 22831?
False
Is 20 a factor of 8054?
False
Is 98201 a multiple of 277?
False
Does 16 divide 3804?
False
Does 60 divide 6900?
True
Does 4 divide 72?
True
Is 1940 a multiple of 97?
True
Does 8 divide 2763?
False
Is 2940 a multiple of 35?
True
Is 30 a factor of 17183?
False
Is 543 a multiple of 11?
False
Is 32 a factor of 17706?
False
Is 38 a factor of 10944?
True
Does 143 divide 17457?
False
Does 3 divide 1192?
False
Does 52 divide 156?
True
Does 17 divide 19176?
True
Is 2500 a multiple of 58?
False
Is 81 a multiple of 3?
True
Is 21 a factor of 6319?
False
Is 9896 a multiple of 202?
False
Is 2332 a multiple of 124?
False
Is 5 a factor of 1481?
False
Does 2 divide 1368?
True
Is 46 a factor of 1772?
False
Is 4785 a multiple of 29?
True
Is 7626 a multiple of 78?
False
Is 5100 a multiple of 51?
True
Does 7 divide 210?
True
Is 35 a factor of 595?
True
Is 15 a factor of 1807?
False
Is 1884 a multiple of 7?
False
Is 19404 a multiple of 66?
True
Is 990 a multiple of 11?
True
Is 215 a multiple of 215?
True
Does 152 divide 38798?
False
Is 239 a multiple of 13?
False
Does 60 divide 2109?
False
Is 9 a factor of 28427?
False
Is 4701 a multiple of 2?
False
Does 12 divide 792?
True
Does 13 divide 2975?
False
Is 6509 a multiple of 23?
True
Is 1224 a multiple of 10?
False
Is 5250 a multiple of 21?
True
Does 56 divide 3080?
True
Does 10 divide 310?
True
Is 50132 a multiple of 151?
True
Is 3430 a multiple of 5?
True
Does 97 divide 29779?
True
Does 13 divide 65?
True
Does 14 divide 266